{"id":8995,"date":"2020-12-01T13:37:59","date_gmt":"2020-12-01T12:37:59","guid":{"rendered":"https:\/\/www.dekorativnifotografie.cz\/dekorativnifoto\/?post_type=product&#038;p=8995"},"modified":"2020-12-03T07:34:48","modified_gmt":"2020-12-03T06:34:48","slug":"gods-save-us-varanasi-india","status":"publish","type":"product","link":"https:\/\/www.dekorativnifotografie.cz\/dekorativnifoto\/obchod\/portrety\/gods-save-us-varanasi-india\/","title":{"rendered":"Gods Save Us, Varanasi, India"},"content":{"rendered":"<p style=\"text-align: center;\">Ka\u017ed\u00e1 fotografie je opat\u0159ena certifika\u010dn\u00edm \u0161t\u00edtkem s n\u00e1zvem, s\u00e9riov\u00fdm \u010d\u00edslem a origin\u00e1ln\u00edm podpisem autora. Fotografie jsou ti\u0161t\u011bny v maxim\u00e1ln\u00ed limitovan\u00e9 \u0159ad\u011b 200 ks. Ka\u017edou z nab\u00edzen\u00fdch fotografi\u00ed je mo\u017en\u00e9 objednat tak\u00e9 v jin\u00fdch rozm\u011brech, v barevn\u00e9, \u010di \u010dernob\u00edl\u00e9 variant\u011b.<\/p>\n","protected":false},"excerpt":{"rendered":"<p>V\u00e1r\u00e1nas\u00ed je m\u011bsto modliteb, duchovn\u00edch tradic a p\u0159echodu du\u0161\u00ed. Lid\u00e9 se zde modl\u00ed na posv\u00e1tn\u00fdch gh\u00e1tech, \u00fact\u00edvaj\u00ed hinduistick\u00e9 bohy, vykon\u00e1vaj\u00ed d\u016fle\u017eit\u00e9 ritu\u00e1ly a ceremonie. M\u011bstem prot\u00e9k\u00e1 posv\u00e1tn\u00e1 Ganga. V\u00e1r\u00e1nas\u00ed je neuv\u011b\u0159iteln\u00e9 m\u00edsto s nepopsatelnou atmosf\u00e9rou. Pohledy zdej\u0161\u00edch lid\u00ed jsou pln\u00e9 v\u00edry. V\u011b\u0159\u00edm, \u017ee na toto m\u00edsto se je\u0161t\u011b n\u011bkdy op\u011bt pod\u00edv\u00e1m. Tu mystickou atmosf\u00e9ru mus\u00edm za\u017e\u00edt je\u0161t\u011b jednou.<\/p>\n","protected":false},"featured_media":9026,"template":"","meta":[],"product_cat":[50],"product_tag":[94,93,686,225,224,534,685,491,204,206,72,71,493,444],"_links":{"self":[{"href":"https:\/\/www.dekorativnifotografie.cz\/dekorativnifoto\/wp-json\/wp\/v2\/product\/8995"}],"collection":[{"href":"https:\/\/www.dekorativnifotografie.cz\/dekorativnifoto\/wp-json\/wp\/v2\/product"}],"about":[{"href":"https:\/\/www.dekorativnifotografie.cz\/dekorativnifoto\/wp-json\/wp\/v2\/types\/product"}],"wp:featuredmedia":[{"embeddable":true,"href":"https:\/\/www.dekorativnifotografie.cz\/dekorativnifoto\/wp-json\/wp\/v2\/media\/9026"}],"wp:attachment":[{"href":"https:\/\/www.dekorativnifotografie.cz\/dekorativnifoto\/wp-json\/wp\/v2\/media?parent=8995"}],"wp:term":[{"taxonomy":"product_cat","embeddable":true,"href":"https:\/\/www.dekorativnifotografie.cz\/dekorativnifoto\/wp-json\/wp\/v2\/product_cat?post=8995"},{"taxonomy":"product_tag","embeddable":true,"href":"https:\/\/www.dekorativnifotografie.cz\/dekorativnifoto\/wp-json\/wp\/v2\/product_tag?post=8995"}],"curies":[{"name":"wp","href":"https:\/\/api.w.org\/{rel}","templated":true}]}}