{"id":8689,"date":"2020-11-10T14:13:36","date_gmt":"2020-11-10T13:13:36","guid":{"rendered":"https:\/\/www.dekorativnifotografie.cz\/dekorativnifoto\/?post_type=product&#038;p=8689"},"modified":"2020-11-18T14:34:56","modified_gmt":"2020-11-18T13:34:56","slug":"hummingbird-columbia","status":"publish","type":"product","link":"https:\/\/www.dekorativnifotografie.cz\/dekorativnifoto\/obchod\/zvirata\/hummingbird-columbia\/","title":{"rendered":"Hummingbird, Columbia"},"content":{"rendered":"<p style=\"text-align: center;\">Ka\u017ed\u00e1 fotografie je opat\u0159ena certifika\u010dn\u00edm \u0161t\u00edtkem s n\u00e1zvem, s\u00e9riov\u00fdm \u010d\u00edslem a origin\u00e1ln\u00edm podpisem autora. Fotografie jsou ti\u0161t\u011bny v maxim\u00e1ln\u00ed limitovan\u00e9 \u0159ad\u011b 200 ks. Ka\u017edou z nab\u00edzen\u00fdch fotografi\u00ed je mo\u017en\u00e9 objednat tak\u00e9 v jin\u00fdch rozm\u011brech, v barevn\u00e9, \u010di \u010dernob\u00edl\u00e9 variant\u011b.<\/p>\n","protected":false},"excerpt":{"rendered":"<p>Kolib\u0159\u00edk\u016fm se p\u0159ezd\u00edv\u00e1 l\u00e9taj\u00edc\u00ed drahokamy. Kdy\u017e jsem spat\u0159il sv\u00e9ho prvn\u00edho, musel jsem t\u00e9to p\u0159ezd\u00edvce d\u00e1t za pravdu. Tito drobn\u00ed pt\u00e1\u010dci jsou toti\u017e skute\u010dn\u011b ozdobou de\u0161tn\u00fdch prales\u016f Latinsk\u00e9 Ameriky. Mo\u017en\u00e1 i proto je jejich fotografov\u00e1n\u00ed op\u0159edeno tvrdou prac\u00ed a i j\u00e1 jsem si musel tento \u0161perk do sv\u00e9ho archivu tvrd\u011b zaslou\u017eit. Na tuto fotografii jsem bez hnut\u00ed, s notnou d\u00e1vkou trp\u011blivosti a soust\u0159ed\u011bn\u00ed \u010dekal t\u00e9m\u011b\u0159 dv\u011b hodiny. Kolib\u0159\u00edci jsou toti\u017e neoby\u010dejn\u011b rychl\u00ed, vytrvale dok\u00e1\u017eou let\u011bt rychlost\u00ed a\u017e 50 km\/h,\u00a0 um\u00ed bleskov\u011b m\u011bnit \u00fahel pohybu k\u0159\u00eddel podle toho, jak pr\u00e1v\u011b fouk\u00e1 v\u00edtr! Dok\u00e1\u017eou se vzn\u00e1\u0161et na m\u00edst\u011b nebo dokonce v letu couvat. Od prad\u00e1vna jsou tito drobn\u00ed pt\u00e1\u010dci pro mnoh\u00e9 jihoamerick\u00e9 \u0161amany poslem radosti, sm\u00edchu a l\u00e1sky. I m\u011b nakonec tento kolib\u0159\u00edk b\u011blokrk\u00fd \u00fasm\u011bv na tv\u00e1\u0159i vykouzlit dok\u00e1zal.<\/p>\n","protected":false},"featured_media":8719,"template":"","meta":[],"product_cat":[51],"product_tag":[674,324,326,208,248,222,221,673,419,671,220,243,333,97,619,210,669,670,189,98,352,249,668,667,672,620,207,309,325,323,96,190,301,335,209],"_links":{"self":[{"href":"https:\/\/www.dekorativnifotografie.cz\/dekorativnifoto\/wp-json\/wp\/v2\/product\/8689"}],"collection":[{"href":"https:\/\/www.dekorativnifotografie.cz\/dekorativnifoto\/wp-json\/wp\/v2\/product"}],"about":[{"href":"https:\/\/www.dekorativnifotografie.cz\/dekorativnifoto\/wp-json\/wp\/v2\/types\/product"}],"wp:featuredmedia":[{"embeddable":true,"href":"https:\/\/www.dekorativnifotografie.cz\/dekorativnifoto\/wp-json\/wp\/v2\/media\/8719"}],"wp:attachment":[{"href":"https:\/\/www.dekorativnifotografie.cz\/dekorativnifoto\/wp-json\/wp\/v2\/media?parent=8689"}],"wp:term":[{"taxonomy":"product_cat","embeddable":true,"href":"https:\/\/www.dekorativnifotografie.cz\/dekorativnifoto\/wp-json\/wp\/v2\/product_cat?post=8689"},{"taxonomy":"product_tag","embeddable":true,"href":"https:\/\/www.dekorativnifotografie.cz\/dekorativnifoto\/wp-json\/wp\/v2\/product_tag?post=8689"}],"curies":[{"name":"wp","href":"https:\/\/api.w.org\/{rel}","templated":true}]}}