{"id":8574,"date":"2020-10-07T09:06:32","date_gmt":"2020-10-07T07:06:32","guid":{"rendered":"https:\/\/www.dekorativnifotografie.cz\/dekorativnifoto\/?post_type=product&#038;p=8574"},"modified":"2021-11-24T13:11:33","modified_gmt":"2021-11-24T12:11:33","slug":"waura-girl-iv-xingu-river-amazonia","status":"publish","type":"product","link":"https:\/\/www.dekorativnifotografie.cz\/dekorativnifoto\/obchod\/limitovana-edice\/waura-girl-iv-xingu-river-amazonia\/","title":{"rendered":"Waura Girl IV, Xingu River, Amazonia"},"content":{"rendered":"<p style=\"text-align: center;\">Tato fotografie bude vyti\u0161t\u011bna v limitovan\u00e9 edici 3 kus\u016f o velikosti 120\u00d780 cm. Bude n\u00e1m ct\u00ed, kdy\u017e se stanete jej\u00edm hrd\u00fdm majitelem. Ka\u017ed\u00e1 fotografie je opat\u0159ena certifika\u010dn\u00edm \u0161t\u00edtkem s n\u00e1zvem, s\u00e9riov\u00fdm \u010d\u00edslem a origin\u00e1ln\u00edm podpisem autora.<\/p>\n","protected":false},"excerpt":{"rendered":"<p>Aran\u017eovan\u00e9 fotky nefot\u00edm, v\u017edycky jsem r\u00e1d za to, co \u017eivot p\u0159irozen\u011b p\u0159inese. Jako nap\u0159\u00edklad u t\u00e9to fotografie. A v\u017edycky jsem pot\u011b\u0161en, kdy\u017e se ve\u0161ker\u00e9 energie sejdou na spr\u00e1vn\u00e9m m\u00edst\u011b, ve spr\u00e1vn\u00fd okam\u017eik a vznikne fotografie pln\u00e1 emoc\u00ed. Tuto kr\u00e1snou indi\u00e1nku zrovna p\u0159ipravovala jej\u00ed maminka na ob\u0159adn\u00ed tance a tenkou v\u011btvi\u010dkou j\u00ed po t\u011ble malovala tradi\u010dn\u00ed ornamenty.<\/p>\n","protected":false},"featured_media":8586,"template":"","meta":[],"product_cat":[625],"product_tag":[],"_links":{"self":[{"href":"https:\/\/www.dekorativnifotografie.cz\/dekorativnifoto\/wp-json\/wp\/v2\/product\/8574"}],"collection":[{"href":"https:\/\/www.dekorativnifotografie.cz\/dekorativnifoto\/wp-json\/wp\/v2\/product"}],"about":[{"href":"https:\/\/www.dekorativnifotografie.cz\/dekorativnifoto\/wp-json\/wp\/v2\/types\/product"}],"wp:featuredmedia":[{"embeddable":true,"href":"https:\/\/www.dekorativnifotografie.cz\/dekorativnifoto\/wp-json\/wp\/v2\/media\/8586"}],"wp:attachment":[{"href":"https:\/\/www.dekorativnifotografie.cz\/dekorativnifoto\/wp-json\/wp\/v2\/media?parent=8574"}],"wp:term":[{"taxonomy":"product_cat","embeddable":true,"href":"https:\/\/www.dekorativnifotografie.cz\/dekorativnifoto\/wp-json\/wp\/v2\/product_cat?post=8574"},{"taxonomy":"product_tag","embeddable":true,"href":"https:\/\/www.dekorativnifotografie.cz\/dekorativnifoto\/wp-json\/wp\/v2\/product_tag?post=8574"}],"curies":[{"name":"wp","href":"https:\/\/api.w.org\/{rel}","templated":true}]}}