{"id":8557,"date":"2020-10-07T08:57:05","date_gmt":"2020-10-07T06:57:05","guid":{"rendered":"https:\/\/www.dekorativnifotografie.cz\/dekorativnifoto\/?post_type=product&#038;p=8557"},"modified":"2021-11-30T14:09:19","modified_gmt":"2021-11-30T13:09:19","slug":"waura-girl-iii-xingu-river-amazonia","status":"publish","type":"product","link":"https:\/\/www.dekorativnifotografie.cz\/dekorativnifoto\/obchod\/limitovana-edice\/waura-girl-iii-xingu-river-amazonia\/","title":{"rendered":"Waura Girl III, Xingu River, Amazonia"},"content":{"rendered":"<p style=\"text-align: center;\">Tato fotografie bude vyti\u0161t\u011bna v limitovan\u00e9 edici 3 kus\u016f o velikosti 120\u00d780 cm. Bude n\u00e1m ct\u00ed, kdy\u017e se stanete jej\u00edm hrd\u00fdm majitelem. Ka\u017ed\u00e1 fotografie je opat\u0159ena certifika\u010dn\u00edm \u0161t\u00edtkem s n\u00e1zvem, s\u00e9riov\u00fdm \u010d\u00edslem a origin\u00e1ln\u00edm podpisem autora.<\/p>\n","protected":false},"excerpt":{"rendered":"<p>Z\u00e1kladn\u00ed potravinou xingusk\u00fdch indi\u00e1n\u016f jsou ko\u0159enov\u00e9 hl\u00edzy manioku jedl\u00e9ho, kter\u00fd indi\u00e1ni p\u011bstuj\u00ed v p\u0159ilehl\u00e9m okol\u00ed vesnice. Tato d\u00edvka m\u00e1 hl\u00edzou napln\u011bn\u00fd cel\u00fd ko\u0161 a pr\u00e1v\u011b ho odn\u00e1\u0161\u00ed do ch\u00fd\u0161e, kde bude d\u00e1le zpracov\u00e1n. \u017dit\u00ed v souladu s p\u0159\u00edrodou je jedna z v\u011bc\u00ed, kter\u00e1 m\u011b na domorod\u00fdch kmenech poka\u017ed\u00e9 fascinuje. Kr\u00e1sa a n\u011b\u017enost se tu snoub\u00ed s \u017eivo\u010di\u0161nost\u00ed a dravost\u00ed, kter\u00e9 jsou nezbytn\u00e9 pro p\u0159e\u017eit\u00ed pod z\u00e1kony d\u017eungle.<\/p>\n","protected":false},"featured_media":8569,"template":"","meta":[],"product_cat":[625],"product_tag":[],"_links":{"self":[{"href":"https:\/\/www.dekorativnifotografie.cz\/dekorativnifoto\/wp-json\/wp\/v2\/product\/8557"}],"collection":[{"href":"https:\/\/www.dekorativnifotografie.cz\/dekorativnifoto\/wp-json\/wp\/v2\/product"}],"about":[{"href":"https:\/\/www.dekorativnifotografie.cz\/dekorativnifoto\/wp-json\/wp\/v2\/types\/product"}],"wp:featuredmedia":[{"embeddable":true,"href":"https:\/\/www.dekorativnifotografie.cz\/dekorativnifoto\/wp-json\/wp\/v2\/media\/8569"}],"wp:attachment":[{"href":"https:\/\/www.dekorativnifotografie.cz\/dekorativnifoto\/wp-json\/wp\/v2\/media?parent=8557"}],"wp:term":[{"taxonomy":"product_cat","embeddable":true,"href":"https:\/\/www.dekorativnifotografie.cz\/dekorativnifoto\/wp-json\/wp\/v2\/product_cat?post=8557"},{"taxonomy":"product_tag","embeddable":true,"href":"https:\/\/www.dekorativnifotografie.cz\/dekorativnifoto\/wp-json\/wp\/v2\/product_tag?post=8557"}],"curies":[{"name":"wp","href":"https:\/\/api.w.org\/{rel}","templated":true}]}}