{"id":8249,"date":"2020-09-24T10:48:55","date_gmt":"2020-09-24T08:48:55","guid":{"rendered":"https:\/\/www.dekorativnifotografie.cz\/dekorativnifoto\/?post_type=product&#038;p=8249"},"modified":"2020-11-30T13:10:54","modified_gmt":"2020-11-30T12:10:54","slug":"bussines-center-ii-sydney-australia","status":"publish","type":"product","link":"https:\/\/www.dekorativnifotografie.cz\/dekorativnifoto\/obchod\/krajiny\/bussines-center-ii-sydney-australia\/","title":{"rendered":"Business Center II, Sydney, Australia"},"content":{"rendered":"<p style=\"text-align: center;\">Ka\u017ed\u00e1 fotografie je opat\u0159ena certifika\u010dn\u00edm \u0161t\u00edtkem s n\u00e1zvem, s\u00e9riov\u00fdm \u010d\u00edslem a origin\u00e1ln\u00edm podpisem autora. Fotografie jsou ti\u0161t\u011bny v maxim\u00e1ln\u00ed limitovan\u00e9 \u0159ad\u011b 200 ks. Ka\u017edou z nab\u00edzen\u00fdch fotografi\u00ed je mo\u017en\u00e9 objednat tak\u00e9 v jin\u00fdch rozm\u011brech, v barevn\u00e9, \u010di \u010dernob\u00edl\u00e9 variant\u011b.<\/p>\n","protected":false},"excerpt":{"rendered":"<p>Sydney je jedno z m\u00fdch nejobl\u00edben\u011bj\u0161\u00edch m\u011bst. Je pro m\u011b velmi fascinuj\u00edc\u00ed, jak zdej\u0161\u00ed architekti dok\u00e1zali propojit historick\u00e9 stavby s modern\u00ed architekturou. Tato f\u00faze dvou zcela odli\u0161n\u00fdch sv\u011bt\u016f vytv\u00e1\u0159\u00ed nezam\u011bnitelnou atmosf\u00e9ru centra tohoto \u00fachvatn\u00e9ho m\u011bsta. Sydney je nesm\u00edrn\u011b p\u0159\u00e1telsk\u00e9, kulturn\u00ed a kosmopolitn\u00ed m\u011bsto. M\u00e1 v\u0161ak mnoho p\u0159ednost\u00ed. Jedn\u00edm z nich je t\u0159eba relativn\u00ed klid. Moc r\u00e1d jsem v\u017edycky chodil do botanick\u00e9 zahrady v centru m\u011bsta, odkud je v\u00fdhled na zn\u00e1mou operu nebo pr\u00e1v\u011b na mrakodrapy, kter\u00e9 vytv\u00e1\u0159\u00ed n\u00e1dhernou siluetu. M\u00e1m r\u00e1d Sydney.<\/p>\n","protected":false},"featured_media":8279,"template":"","meta":[],"product_cat":[49],"product_tag":[108,107,288,513,399,248,398,202,160,246,268,462,269,463,518,196,287,256,159,192,516,244,286,204,206,247,519,245,302,303,205,520,336,301,195,517,515,514,464],"_links":{"self":[{"href":"https:\/\/www.dekorativnifotografie.cz\/dekorativnifoto\/wp-json\/wp\/v2\/product\/8249"}],"collection":[{"href":"https:\/\/www.dekorativnifotografie.cz\/dekorativnifoto\/wp-json\/wp\/v2\/product"}],"about":[{"href":"https:\/\/www.dekorativnifotografie.cz\/dekorativnifoto\/wp-json\/wp\/v2\/types\/product"}],"wp:featuredmedia":[{"embeddable":true,"href":"https:\/\/www.dekorativnifotografie.cz\/dekorativnifoto\/wp-json\/wp\/v2\/media\/8279"}],"wp:attachment":[{"href":"https:\/\/www.dekorativnifotografie.cz\/dekorativnifoto\/wp-json\/wp\/v2\/media?parent=8249"}],"wp:term":[{"taxonomy":"product_cat","embeddable":true,"href":"https:\/\/www.dekorativnifotografie.cz\/dekorativnifoto\/wp-json\/wp\/v2\/product_cat?post=8249"},{"taxonomy":"product_tag","embeddable":true,"href":"https:\/\/www.dekorativnifotografie.cz\/dekorativnifoto\/wp-json\/wp\/v2\/product_tag?post=8249"}],"curies":[{"name":"wp","href":"https:\/\/api.w.org\/{rel}","templated":true}]}}