{"id":7957,"date":"2020-09-22T21:39:49","date_gmt":"2020-09-22T19:39:49","guid":{"rendered":"https:\/\/www.dekorativnifotografie.cz\/dekorativnifoto\/?post_type=product&#038;p=7957"},"modified":"2020-12-02T13:49:37","modified_gmt":"2020-12-02T12:49:37","slug":"tocano-chief-amazonia-brazil","status":"publish","type":"product","link":"https:\/\/www.dekorativnifotografie.cz\/dekorativnifoto\/obchod\/portrety\/tocano-chief-amazonia-brazil\/","title":{"rendered":"Tocano Chief, Amazonia, Brazil"},"content":{"rendered":"<p style=\"text-align: center;\">Ka\u017ed\u00e1 fotografie je opat\u0159ena certifika\u010dn\u00edm \u0161t\u00edtkem s n\u00e1zvem, s\u00e9riov\u00fdm \u010d\u00edslem a origin\u00e1ln\u00edm podpisem autora. Fotografie jsou ti\u0161t\u011bny v maxim\u00e1ln\u00ed limitovan\u00e9 \u0159ad\u011b 200 ks. Ka\u017edou z nab\u00edzen\u00fdch fotografi\u00ed je mo\u017en\u00e9 objednat tak\u00e9 v jin\u00fdch rozm\u011brech, v barevn\u00e9, \u010di \u010dernob\u00edl\u00e9 variant\u011b.<\/p>\n","protected":false},"excerpt":{"rendered":"<p>Na setk\u00e1n\u00ed s n\u00e1\u010deln\u00edkem kmene Tocano nikdy nezapomenu. Tento\u00a0 v\u016fdce kmene a \u0161aman v jedn\u00e9 osob\u011b m\u011b nejenom zasv\u011btil do l\u00e9\u010div\u00fdch taj\u016f amazonsk\u00e9ho pralesa, ale m\u00e1 velkou z\u00e1sluhu na boji o z\u00e1chranu domorod\u00fdch kmen\u016f a jejich tradic v Amazonii. I u tohoto kmene jsem se p\u0159esv\u011bd\u010dil, jak je d\u016fle\u017eit\u00e9 m\u00edt mo\u017enost vzhl\u00ed\u017eet k moudr\u00e9, laskav\u00e9 a spravedliv\u00e9 autorit\u011b, kter\u00e1 dod\u00e1v\u00e1 \u010dlov\u011bku odvahu, klid a jistotu. Stejn\u011b tak jako dod\u00e1v\u00e1 jistotu, klid a odvahu \u010dlov\u011bku jeho rodina. Na setk\u00e1n\u00ed s n\u00e1\u010deln\u00edkem kmene Tocano nikdy nezapomenu.<\/p>\n","protected":false},"featured_media":7988,"template":"","meta":[],"product_cat":[50],"product_tag":[480,479,208,188,38,74,573,572,189,246,64,66,207,73,286,72,71,245,304,305,190,336,571,65,67],"_links":{"self":[{"href":"https:\/\/www.dekorativnifotografie.cz\/dekorativnifoto\/wp-json\/wp\/v2\/product\/7957"}],"collection":[{"href":"https:\/\/www.dekorativnifotografie.cz\/dekorativnifoto\/wp-json\/wp\/v2\/product"}],"about":[{"href":"https:\/\/www.dekorativnifotografie.cz\/dekorativnifoto\/wp-json\/wp\/v2\/types\/product"}],"wp:featuredmedia":[{"embeddable":true,"href":"https:\/\/www.dekorativnifotografie.cz\/dekorativnifoto\/wp-json\/wp\/v2\/media\/7988"}],"wp:attachment":[{"href":"https:\/\/www.dekorativnifotografie.cz\/dekorativnifoto\/wp-json\/wp\/v2\/media?parent=7957"}],"wp:term":[{"taxonomy":"product_cat","embeddable":true,"href":"https:\/\/www.dekorativnifotografie.cz\/dekorativnifoto\/wp-json\/wp\/v2\/product_cat?post=7957"},{"taxonomy":"product_tag","embeddable":true,"href":"https:\/\/www.dekorativnifotografie.cz\/dekorativnifoto\/wp-json\/wp\/v2\/product_tag?post=7957"}],"curies":[{"name":"wp","href":"https:\/\/api.w.org\/{rel}","templated":true}]}}