{"id":7919,"date":"2020-09-22T11:32:31","date_gmt":"2020-09-22T09:32:31","guid":{"rendered":"https:\/\/www.dekorativnifotografie.cz\/dekorativnifoto\/?post_type=product&#038;p=7919"},"modified":"2020-12-03T07:37:56","modified_gmt":"2020-12-03T06:37:56","slug":"outback-australia","status":"publish","type":"product","link":"https:\/\/www.dekorativnifotografie.cz\/dekorativnifoto\/obchod\/krajiny\/outback-australia\/","title":{"rendered":"Outback, Australia"},"content":{"rendered":"<p style=\"text-align: center;\">Ka\u017ed\u00e1 fotografie je opat\u0159ena certifika\u010dn\u00edm \u0161t\u00edtkem s n\u00e1zvem, s\u00e9riov\u00fdm \u010d\u00edslem a origin\u00e1ln\u00edm podpisem autora. Fotografie jsou ti\u0161t\u011bny v maxim\u00e1ln\u00ed limitovan\u00e9 \u0159ad\u011b 200 ks. Ka\u017edou z nab\u00edzen\u00fdch fotografi\u00ed je mo\u017en\u00e9 objednat tak\u00e9 v jin\u00fdch rozm\u011brech, v barevn\u00e9, \u010di \u010dernob\u00edl\u00e9 variant\u011b.<\/p>\n","protected":false},"excerpt":{"rendered":"<p>Australsk\u00fd outback m\u00e1m r\u00e1d ze dvou d\u016fvod\u016f. Je neuv\u011b\u0159iteln\u011b poklidn\u00fd. Jeho klid \u010dasto p\u0159ech\u00e1z\u00ed v nudu, ale nikdy ne na moc dlouho, proto\u017ee i po pades\u00e1ti kilometrov\u00e9 rovince p\u0159ijde n\u011bco, co v\u00e1s p\u0159ekvap\u00ed. Druhou v\u011bc\u00ed, kterou m\u00e1m na t\u00e9to \u010d\u00e1sto sv\u011bta r\u00e1d je to, \u017ee onen klid v\u00e1m dovol\u00ed zpomalit a zamyslet se t\u0159eba s\u00e1m nad sebou. Nad prac\u00ed, kterou d\u011bl\u00e1te, nad lidskou podstatou, nad pln\u011bn\u00edm vlastn\u00edch sn\u016f. Outback v\u00e1m dovol\u00ed zamyslet se \u00fapln\u011b nad v\u0161\u00edm.<\/p>\n","protected":false},"featured_media":7949,"template":"","meta":[],"product_cat":[49],"product_tag":[108,107,208,202,268,462,269,463,207,569,204,206,389,568,205],"_links":{"self":[{"href":"https:\/\/www.dekorativnifotografie.cz\/dekorativnifoto\/wp-json\/wp\/v2\/product\/7919"}],"collection":[{"href":"https:\/\/www.dekorativnifotografie.cz\/dekorativnifoto\/wp-json\/wp\/v2\/product"}],"about":[{"href":"https:\/\/www.dekorativnifotografie.cz\/dekorativnifoto\/wp-json\/wp\/v2\/types\/product"}],"wp:featuredmedia":[{"embeddable":true,"href":"https:\/\/www.dekorativnifotografie.cz\/dekorativnifoto\/wp-json\/wp\/v2\/media\/7949"}],"wp:attachment":[{"href":"https:\/\/www.dekorativnifotografie.cz\/dekorativnifoto\/wp-json\/wp\/v2\/media?parent=7919"}],"wp:term":[{"taxonomy":"product_cat","embeddable":true,"href":"https:\/\/www.dekorativnifotografie.cz\/dekorativnifoto\/wp-json\/wp\/v2\/product_cat?post=7919"},{"taxonomy":"product_tag","embeddable":true,"href":"https:\/\/www.dekorativnifotografie.cz\/dekorativnifoto\/wp-json\/wp\/v2\/product_tag?post=7919"}],"curies":[{"name":"wp","href":"https:\/\/api.w.org\/{rel}","templated":true}]}}