{"id":7883,"date":"2020-09-22T10:56:55","date_gmt":"2020-09-22T08:56:55","guid":{"rendered":"https:\/\/www.dekorativnifotografie.cz\/dekorativnifoto\/?post_type=product&#038;p=7883"},"modified":"2020-12-18T15:30:34","modified_gmt":"2020-12-18T14:30:34","slug":"amazon-river-brazil","status":"publish","type":"product","link":"https:\/\/www.dekorativnifotografie.cz\/dekorativnifoto\/obchod\/nezarazene\/amazon-river-brazil\/","title":{"rendered":"Amazon River, Brazil"},"content":{"rendered":"<p style=\"text-align: center;\">Ka\u017ed\u00e1 fotografie je opat\u0159ena certifika\u010dn\u00edm \u0161t\u00edtkem s n\u00e1zvem, s\u00e9riov\u00fdm \u010d\u00edslem a origin\u00e1ln\u00edm podpisem autora. Fotografie jsou ti\u0161t\u011bny v maxim\u00e1ln\u00ed limitovan\u00e9 \u0159ad\u011b 200 ks. Ka\u017edou z nab\u00edzen\u00fdch fotografi\u00ed je mo\u017en\u00e9 objednat tak\u00e9 v jin\u00fdch rozm\u011brech, v barevn\u00e9, \u010di \u010dernob\u00edl\u00e9 variant\u011b.<\/p>\n","protected":false},"excerpt":{"rendered":"<p>V\u011b\u0159\u00edm, \u017ee ka\u017ed\u00fd, kdo byl n\u011bkdy v Amazonii, propadl jej\u00edmu kouzlu. V\u017edycky, kdy\u017e nav\u0161t\u00edv\u00edm Amazonii a plav\u00edm se po Amazonce, zhost\u00ed se m\u011b neb\u00fdval\u00fd klid. Z\u00e1rove\u0148 jsem zde dychtiv\u00fd po ka\u017ed\u00e9 v\u00fdprav\u011b do pralesa, kde m\u016f\u017eu objevit skryt\u00e9 kr\u00e1sy pralesa i jeho zv\u00ed\u0159ec\u00edch obyvatel. Toto je jedna z m\u00fdch v\u016fbec prvn\u00edch fotografi\u00ed po\u0159\u00edzen\u00fdch v brazilsk\u00e9 \u010d\u00e1sti Amazonie. Tu fotku m\u00e1m moc r\u00e1d, dokonce vis\u00ed i v m\u00e9 kancel\u00e1\u0159i. Poka\u017ed\u00e9, kdy\u017e kolem n\u00ed jdu, vzpomenu si na moudrost Amazonie a velkolepost Amazonky a m\u00fdm t\u011blem projde energie, kter\u00e1 m\u011b odhodl\u00e1v\u00e1 k m\u00e9 pr\u00e1ci. Proto si mysl\u00edm, \u017ee pr\u00e1v\u011b kancel\u00e1\u0159 je t\u00edm interi\u00e9rem, kde m\u00e1 tato fotka m\u00edsto. I kdy\u017e v\u011b\u0159\u00edm, \u017ee dob\u0159e v\u00e1m s n\u00ed bude i v ob\u00fdvac\u00edm pokoji nebo t\u0159eba netradi\u010dn\u011b v koupeln\u011b.<\/p>\n","protected":false},"featured_media":7914,"template":"","meta":[],"product_cat":[27,49],"product_tag":[565,480,479,564,213,208,188,38,248,189,268,462,269,463,287,207,569,566,244,247,568,302,303,365,392,304,570,366,393,567,190,301,299,464,300,214],"_links":{"self":[{"href":"https:\/\/www.dekorativnifotografie.cz\/dekorativnifoto\/wp-json\/wp\/v2\/product\/7883"}],"collection":[{"href":"https:\/\/www.dekorativnifotografie.cz\/dekorativnifoto\/wp-json\/wp\/v2\/product"}],"about":[{"href":"https:\/\/www.dekorativnifotografie.cz\/dekorativnifoto\/wp-json\/wp\/v2\/types\/product"}],"wp:featuredmedia":[{"embeddable":true,"href":"https:\/\/www.dekorativnifotografie.cz\/dekorativnifoto\/wp-json\/wp\/v2\/media\/7914"}],"wp:attachment":[{"href":"https:\/\/www.dekorativnifotografie.cz\/dekorativnifoto\/wp-json\/wp\/v2\/media?parent=7883"}],"wp:term":[{"taxonomy":"product_cat","embeddable":true,"href":"https:\/\/www.dekorativnifotografie.cz\/dekorativnifoto\/wp-json\/wp\/v2\/product_cat?post=7883"},{"taxonomy":"product_tag","embeddable":true,"href":"https:\/\/www.dekorativnifotografie.cz\/dekorativnifoto\/wp-json\/wp\/v2\/product_tag?post=7883"}],"curies":[{"name":"wp","href":"https:\/\/api.w.org\/{rel}","templated":true}]}}

<p style="text-align: center;">Každá fotografie je opatřena certifikačním štítkem s názvem, sériovým číslem a originálním podpisem autora. Fotografie jsou tištěny v maximální limitované řadě 200 ks. Každou z nabízených fotografií je možné objednat také v jiných rozměrech, v barevné, či černobílé variantě.</p>

<p>Věřím, že každý, kdo byl někdy v Amazonii, propadl jejímu kouzlu. Vždycky, když navštívím Amazonii a plavím se po Amazonce, zhostí se mě nebývalý klid. Zároveň jsem zde dychtivý po každé výpravě do pralesa, kde můžu objevit skryté krásy pralesa i jeho zvířecích obyvatel. Toto je jedna z mých vůbec prvních fotografií pořízených v brazilské části Amazonie. Tu fotku mám moc rád, dokonce visí i v mé kanceláři. Pokaždé, když kolem ní jdu, vzpomenu si na moudrost Amazonie a velkolepost Amazonky a mým tělem projde energie, která mě odhodlává k mé práci. Proto si myslím, že právě kancelář je tím interiérem, kde má tato fotka místo. I když věřím, že dobře vám s ní bude i v obývacím pokoji nebo třeba netradičně v koupelně.</p>
