{"id":7584,"date":"2020-09-18T12:47:06","date_gmt":"2020-09-18T10:47:06","guid":{"rendered":"https:\/\/www.dekorativnifotografie.cz\/dekorativnifoto\/?post_type=product&#038;p=7584"},"modified":"2021-02-17T13:57:13","modified_gmt":"2021-02-17T12:57:13","slug":"black-kite-np-kakadu-australia","status":"publish","type":"product","link":"https:\/\/www.dekorativnifotografie.cz\/dekorativnifoto\/obchod\/zvirata\/black-kite-np-kakadu-australia\/","title":{"rendered":"Black Kite, NP Kakadu, Australia"},"content":{"rendered":"<p style=\"text-align: center;\">Ka\u017ed\u00e1 fotografie je opat\u0159ena certifika\u010dn\u00edm \u0161t\u00edtkem s n\u00e1zvem, s\u00e9riov\u00fdm \u010d\u00edslem a origin\u00e1ln\u00edm podpisem autora. Fotografie jsou ti\u0161t\u011bny v maxim\u00e1ln\u00ed limitovan\u00e9 \u0159ad\u011b 200 ks. Ka\u017edou z nab\u00edzen\u00fdch fotografi\u00ed je mo\u017en\u00e9 objednat tak\u00e9 v jin\u00fdch rozm\u011brech, v barevn\u00e9, \u010di \u010dernob\u00edl\u00e9 variant\u011b.<\/p>\n","protected":false},"excerpt":{"rendered":"<p>Lu\u0148\u00e1k hn\u011bd\u00fd je st\u0159edn\u011b velk\u00fd dravec z \u010deledi jest\u0159\u00e1bovit\u00fdch. Byl jsem zrovna na motorov\u00e9m \u010dlunu k\u00e1mo\u0161e Jacka, se kter\u00fdm jsme na b\u0159ez\u00edch \u0159\u00ed\u010dn\u00edch ramen n\u00e1rodn\u00edho parku kakadu hledali krokod\u00fdli mo\u0159sk\u00e9. V okam\u017eiku, kdy jsme vypli motor se nad na\u0161imi hlavami objevili tito krasavci. Opatrn\u011b jsem vstal a za\u010dal fotit. P\u0159\u00edroda je pln\u00e1 p\u0159ekvapen\u00ed a pln\u00e1 neo\u010dek\u00e1van\u00fdch sc\u00e9n. Nejen proto \u017eivot na Zemi tak miluji!<\/p>\n","protected":false},"featured_media":7615,"template":"","meta":[],"product_cat":[51],"product_tag":[],"_links":{"self":[{"href":"https:\/\/www.dekorativnifotografie.cz\/dekorativnifoto\/wp-json\/wp\/v2\/product\/7584"}],"collection":[{"href":"https:\/\/www.dekorativnifotografie.cz\/dekorativnifoto\/wp-json\/wp\/v2\/product"}],"about":[{"href":"https:\/\/www.dekorativnifotografie.cz\/dekorativnifoto\/wp-json\/wp\/v2\/types\/product"}],"wp:featuredmedia":[{"embeddable":true,"href":"https:\/\/www.dekorativnifotografie.cz\/dekorativnifoto\/wp-json\/wp\/v2\/media\/7615"}],"wp:attachment":[{"href":"https:\/\/www.dekorativnifotografie.cz\/dekorativnifoto\/wp-json\/wp\/v2\/media?parent=7584"}],"wp:term":[{"taxonomy":"product_cat","embeddable":true,"href":"https:\/\/www.dekorativnifotografie.cz\/dekorativnifoto\/wp-json\/wp\/v2\/product_cat?post=7584"},{"taxonomy":"product_tag","embeddable":true,"href":"https:\/\/www.dekorativnifotografie.cz\/dekorativnifoto\/wp-json\/wp\/v2\/product_tag?post=7584"}],"curies":[{"name":"wp","href":"https:\/\/api.w.org\/{rel}","templated":true}]}}