{"id":7175,"date":"2020-09-17T12:14:42","date_gmt":"2020-09-17T10:14:42","guid":{"rendered":"https:\/\/www.dekorativnifotografie.cz\/dekorativnifoto\/?post_type=product&#038;p=7175"},"modified":"2021-02-22T11:09:41","modified_gmt":"2021-02-22T10:09:41","slug":"woolly-monkey-amazonia-ecuador","status":"publish","type":"product","link":"https:\/\/www.dekorativnifotografie.cz\/dekorativnifoto\/obchod\/zvirata\/woolly-monkey-amazonia-ecuador\/","title":{"rendered":"Woolly Monkey, Amazonia, Ecuador"},"content":{"rendered":"<p style=\"text-align: center;\">Ka\u017ed\u00e1 fotografie je opat\u0159ena certifika\u010dn\u00edm \u0161t\u00edtkem s n\u00e1zvem, s\u00e9riov\u00fdm \u010d\u00edslem a origin\u00e1ln\u00edm podpisem autora. Fotografie jsou ti\u0161t\u011bny v maxim\u00e1ln\u00ed limitovan\u00e9 \u0159ad\u011b 200 ks. Ka\u017edou z nab\u00edzen\u00fdch fotografi\u00ed je mo\u017en\u00e9 objednat tak\u00e9 v jin\u00fdch rozm\u011brech, v barevn\u00e9, \u010di \u010dernob\u00edl\u00e9 variant\u011b.<\/p>\n","protected":false},"excerpt":{"rendered":"<p>Planeta Zem\u011b je tak kr\u00e1sn\u00e1! Pozorovat zv\u00ed\u0159ata v jejich p\u0159irozen\u00e9m prost\u0159ed\u00ed je pro m\u011b v\u017edycky nesm\u00edrn\u011b fascinuj\u00edc\u00ed a tak\u00e9 uklid\u0148uj\u00edc\u00ed. Ch\u00e1pan vlnat\u00fd pat\u0159\u00ed mezi jedny z nejv\u011bt\u0161\u00edch opic nov\u00e9ho sv\u011bta. Co toto ml\u00e1d\u011b zaujalo sice u\u017e nev\u00edm, ale po t\u011bch n\u011bkolika letech si alespo\u0148 m\u016f\u017eu vytv\u00e1\u0159et vlastn\u00ed p\u0159\u00edb\u011bhy. T\u0159eba, \u017ee vzhl\u00ed\u017e\u00ed k nebi a s pokorou pros\u00ed v\u0161echny amazonsk\u00e9 lesn\u00ed duchy a d\u00e9mony za harmonii sv\u011bta. V\u017edycky, kdy\u017e tohoto ch\u00e1pana vlnat\u00e9ho vid\u00edm, vzpomenu si tak\u00e9 na jednu \u00fapln\u011b jinou fotku, pod\u00edvat se na ni m\u016f\u017eete <strong><a href=\"https:\/\/www.dekorativnifotografie.cz\/dekorativnifoto\/obchod\/portrety\/hope-thailand\/\">zde<\/a><\/strong>. Schv\u00e1ln\u011b, je i pro v\u00e1s v n\u011b\u010dem podobn\u00e1?<\/p>\n","protected":false},"featured_media":7176,"template":"","meta":[],"product_cat":[51],"product_tag":[480,479,80,82,225,248,477,222,221,243,97,120,119,210,224,189,98,250,249,102,430,429,247,309,95,96,334,101,99,190,301,310,478,209,81,79],"_links":{"self":[{"href":"https:\/\/www.dekorativnifotografie.cz\/dekorativnifoto\/wp-json\/wp\/v2\/product\/7175"}],"collection":[{"href":"https:\/\/www.dekorativnifotografie.cz\/dekorativnifoto\/wp-json\/wp\/v2\/product"}],"about":[{"href":"https:\/\/www.dekorativnifotografie.cz\/dekorativnifoto\/wp-json\/wp\/v2\/types\/product"}],"wp:featuredmedia":[{"embeddable":true,"href":"https:\/\/www.dekorativnifotografie.cz\/dekorativnifoto\/wp-json\/wp\/v2\/media\/7176"}],"wp:attachment":[{"href":"https:\/\/www.dekorativnifotografie.cz\/dekorativnifoto\/wp-json\/wp\/v2\/media?parent=7175"}],"wp:term":[{"taxonomy":"product_cat","embeddable":true,"href":"https:\/\/www.dekorativnifotografie.cz\/dekorativnifoto\/wp-json\/wp\/v2\/product_cat?post=7175"},{"taxonomy":"product_tag","embeddable":true,"href":"https:\/\/www.dekorativnifotografie.cz\/dekorativnifoto\/wp-json\/wp\/v2\/product_tag?post=7175"}],"curies":[{"name":"wp","href":"https:\/\/api.w.org\/{rel}","templated":true}]}}

<p style="text-align: center;">Každá fotografie je opatřena certifikačním štítkem s názvem, sériovým číslem a originálním podpisem autora. Fotografie jsou tištěny v maximální limitované řadě 200 ks. Každou z nabízených fotografií je možné objednat také v jiných rozměrech, v barevné, či černobílé variantě.</p>

<p>Planeta Země je tak krásná! Pozorovat zvířata v jejich přirozeném prostředí je pro mě vždycky nesmírně fascinující a také uklidňující. Chápan vlnatý patří mezi jedny z největších opic nového světa. Co toto mládě zaujalo sice už nevím, ale po těch několika letech si alespoň můžu vytvářet vlastní příběhy. Třeba, že vzhlíží k nebi a s pokorou prosí všechny amazonské lesní duchy a démony za harmonii světa. Vždycky, když tohoto chápana vlnatého vidím, vzpomenu si také na jednu úplně jinou fotku, podívat se na ni můžete <strong><a href="https://www.dekorativnifotografie.cz/dekorativnifoto/obchod/portrety/hope-thailand/">zde</a></strong>. Schválně, je i pro vás v něčem podobná?</p>
