{"id":7062,"date":"2020-09-17T10:42:17","date_gmt":"2020-09-17T08:42:17","guid":{"rendered":"https:\/\/www.dekorativnifotografie.cz\/dekorativnifoto\/?post_type=product&#038;p=7062"},"modified":"2021-02-22T11:11:58","modified_gmt":"2021-02-22T10:11:58","slug":"marketwoman-saquisili-ecuador","status":"publish","type":"product","link":"https:\/\/www.dekorativnifotografie.cz\/dekorativnifoto\/obchod\/portrety\/marketwoman-saquisili-ecuador\/","title":{"rendered":"Marketwoman, Saquisil\u00ed, Ecuador"},"content":{"rendered":"<p style=\"text-align: center;\">Ka\u017ed\u00e1 fotografie je opat\u0159ena certifika\u010dn\u00edm \u0161t\u00edtkem s n\u00e1zvem, s\u00e9riov\u00fdm \u010d\u00edslem a origin\u00e1ln\u00edm podpisem autora. Fotografie jsou ti\u0161t\u011bny v maxim\u00e1ln\u00ed limitovan\u00e9 \u0159ad\u011b 200 ks. Ka\u017edou z nab\u00edzen\u00fdch fotografi\u00ed je mo\u017en\u00e9 objednat tak\u00e9 v jin\u00fdch rozm\u011brech, v barevn\u00e9, \u010di \u010dernob\u00edl\u00e9 variant\u011b.<\/p>\n","protected":false},"excerpt":{"rendered":"<p>Tato d\u00e1ma chod\u00ed na vyhl\u00e1\u0161en\u00e9 trhy do ekv\u00e1dorsk\u00e9ho m\u011bste\u010dka Saquisil\u00ed ka\u017ed\u00fd t\u00fdden. \u010ctvrtek co \u010dtvrtek v tomto andsk\u00e9m m\u011bste\u010dku lid\u00e9 z \u0161irok\u00e9ho okol\u00ed prod\u00e1vaj\u00ed v\u0161e co vyp\u011bstuj\u00ed. Po cel\u00e9m Ekv\u00e1doru je jedn\u00edm z nejd\u016fle\u017eit\u011bj\u0161\u00edch zdroj\u016f ob\u017eivy pr\u00e1v\u011b zem\u011bd\u011blstv\u00ed a nen\u00ed tomu jinak ani v drsn\u00e9m kraji ekv\u00e1dorsk\u00fdch And. Jak asi vypad\u00e1 \u017eivot v t\u011bchto kon\u010din\u00e1ch te\u010f?<\/p>\n","protected":false},"featured_media":7063,"template":"","meta":[],"product_cat":[50],"product_tag":[],"_links":{"self":[{"href":"https:\/\/www.dekorativnifotografie.cz\/dekorativnifoto\/wp-json\/wp\/v2\/product\/7062"}],"collection":[{"href":"https:\/\/www.dekorativnifotografie.cz\/dekorativnifoto\/wp-json\/wp\/v2\/product"}],"about":[{"href":"https:\/\/www.dekorativnifotografie.cz\/dekorativnifoto\/wp-json\/wp\/v2\/types\/product"}],"wp:featuredmedia":[{"embeddable":true,"href":"https:\/\/www.dekorativnifotografie.cz\/dekorativnifoto\/wp-json\/wp\/v2\/media\/7063"}],"wp:attachment":[{"href":"https:\/\/www.dekorativnifotografie.cz\/dekorativnifoto\/wp-json\/wp\/v2\/media?parent=7062"}],"wp:term":[{"taxonomy":"product_cat","embeddable":true,"href":"https:\/\/www.dekorativnifotografie.cz\/dekorativnifoto\/wp-json\/wp\/v2\/product_cat?post=7062"},{"taxonomy":"product_tag","embeddable":true,"href":"https:\/\/www.dekorativnifotografie.cz\/dekorativnifoto\/wp-json\/wp\/v2\/product_tag?post=7062"}],"curies":[{"name":"wp","href":"https:\/\/api.w.org\/{rel}","templated":true}]}}