{"id":5880,"date":"2020-07-16T16:47:48","date_gmt":"2020-07-16T14:47:48","guid":{"rendered":"https:\/\/www.dekorativnifotografie.cz\/dekorativnifoto\/?post_type=product&#038;p=5880"},"modified":"2021-11-03T09:48:34","modified_gmt":"2021-11-03T08:48:34","slug":"50105994","status":"publish","type":"product","link":"https:\/\/www.dekorativnifotografie.cz\/dekorativnifoto\/obchod\/zvirata\/50105994\/","title":{"rendered":"Motherhood, Australia"},"content":{"rendered":"<p style=\"text-align: center;\">Ka\u017ed\u00e1 fotografie je opat\u0159ena certifika\u010dn\u00edm \u0161t\u00edtkem s n\u00e1zvem, s\u00e9riov\u00fdm \u010d\u00edslem a origin\u00e1ln\u00edm podpisem autora. Fotografie jsou ti\u0161t\u011bny v maxim\u00e1ln\u00ed limitovan\u00e9 \u0159ad\u011b 200 ks. Ka\u017edou z nab\u00edzen\u00fdch fotografi\u00ed je mo\u017en\u00e9 objednat tak\u00e9 v jin\u00fdch rozm\u011brech, v barevn\u00e9, \u010di \u010dernob\u00edl\u00e9 variant\u011b.<\/p>\n","protected":false},"excerpt":{"rendered":"<p>Koal\u00ed m\u00e1my nos\u00ed pel\u00ed\u0161ek pro sv\u00e1 ml\u00e1\u010fata st\u00e1le s sebou. Kdy\u017e jsem mezi v\u011btvemi eukalyptu uprost\u0159ed australsk\u00e9ho outbacku spat\u0159il tuto nerozlu\u010dnou dvojici, hned mnou projela h\u0159ejiv\u00e9 teplo, pocit bezpe\u010d\u00ed i nab\u00edjej\u00edc\u00ed energie l\u00e1sky. Vyfotil jsem jen p\u00e1r sn\u00edmk\u016f, necht\u011bl jsem toti\u017e ru\u0161it tento vz\u00e1cn\u00fd okam\u017eik. Koal\u00ed m\u00e1ma mi ve zv\u00ed\u0159ec\u00edm sv\u011bt\u011b uk\u00e1zala dal\u0161\u00ed podobu l\u00e1sky &#8211; t\u00e9 mate\u0159sk\u00e9.<\/p>\n","protected":false},"featured_media":5912,"template":"","meta":[],"product_cat":[51],"product_tag":[80,108,107,116,118,248,221,220,243,212,246,250,249,223,106,240,105,239,238,112,114,117,115,244,185,184,247,245,211,242,241,113,111,251,79],"_links":{"self":[{"href":"https:\/\/www.dekorativnifotografie.cz\/dekorativnifoto\/wp-json\/wp\/v2\/product\/5880"}],"collection":[{"href":"https:\/\/www.dekorativnifotografie.cz\/dekorativnifoto\/wp-json\/wp\/v2\/product"}],"about":[{"href":"https:\/\/www.dekorativnifotografie.cz\/dekorativnifoto\/wp-json\/wp\/v2\/types\/product"}],"wp:featuredmedia":[{"embeddable":true,"href":"https:\/\/www.dekorativnifotografie.cz\/dekorativnifoto\/wp-json\/wp\/v2\/media\/5912"}],"wp:attachment":[{"href":"https:\/\/www.dekorativnifotografie.cz\/dekorativnifoto\/wp-json\/wp\/v2\/media?parent=5880"}],"wp:term":[{"taxonomy":"product_cat","embeddable":true,"href":"https:\/\/www.dekorativnifotografie.cz\/dekorativnifoto\/wp-json\/wp\/v2\/product_cat?post=5880"},{"taxonomy":"product_tag","embeddable":true,"href":"https:\/\/www.dekorativnifotografie.cz\/dekorativnifoto\/wp-json\/wp\/v2\/product_tag?post=5880"}],"curies":[{"name":"wp","href":"https:\/\/api.w.org\/{rel}","templated":true}]}}