{"id":4727,"date":"2020-07-07T16:45:09","date_gmt":"2020-07-07T14:45:09","guid":{"rendered":"https:\/\/www.dekorativnifotografie.cz\/dekorativnifoto\/?post_type=product&#038;p=4727"},"modified":"2021-11-03T09:56:19","modified_gmt":"2021-11-03T08:56:19","slug":"20107977","status":"publish","type":"product","link":"https:\/\/www.dekorativnifotografie.cz\/dekorativnifoto\/obchod\/krajiny\/20107977\/","title":{"rendered":"Rio de Janeiro, Brazil"},"content":{"rendered":"<p style=\"text-align: center;\">Ka\u017ed\u00e1 fotografie je opat\u0159ena certifika\u010dn\u00edm \u0161t\u00edtkem s n\u00e1zvem, s\u00e9riov\u00fdm \u010d\u00edslem a origin\u00e1ln\u00edm podpisem autora. Fotografie jsou ti\u0161t\u011bny v maxim\u00e1ln\u00ed limitovan\u00e9 \u0159ad\u011b 200 ks. Ka\u017edou z nab\u00edzen\u00fdch fotografi\u00ed je mo\u017en\u00e9 objednat tak\u00e9 v jin\u00fdch rozm\u011brech,<br \/>\nv barevn\u00e9, \u010di \u010dernob\u00edl\u00e9 variant\u011b.<\/p>\n<p>&nbsp;<\/p>\n","protected":false},"excerpt":{"rendered":"<p>Rio de Janeiro je jedn\u00edm z nejzaj\u00edmav\u011bji situovan\u00fdch m\u011bst. Pl\u00e1\u017ee, z\u00e1toky a skaln\u00ed masivy utv\u00e1\u0159\u00ed jedine\u010dnou scenerii, kterou jsem nikde jinde ne\u017e v Riu nevid\u011bl. A kdy\u017e za\u010dne zapadat slunce a m\u011bsto se rozsv\u00edt\u00ed mnohabarevn\u00fdmi sv\u011btly, p\u0159em\u011bn\u00ed se v Rio de Janeiro v z\u00e1\u0159iv\u00fd zlat\u00fd \u0161perk pos\u00e1zen\u00fd vz\u00e1cn\u00fdmi kameny. V\u011b\u0159\u00edm, \u017ee tento dekorativn\u00ed foto obraz dod\u00e1 t\u0159eba ob\u00fdvac\u00edmu pokoji nebo zasedac\u00ed m\u00edstnosti elegantn\u00ed a vzne\u0161enou atmosf\u00e9ru.<\/p>\n","protected":false},"featured_media":5589,"template":"","meta":[],"product_cat":[49],"product_tag":[188,38,202,194,162,160,189,187,196,161,159,192,204,206,205,186,193,190,195,191],"_links":{"self":[{"href":"https:\/\/www.dekorativnifotografie.cz\/dekorativnifoto\/wp-json\/wp\/v2\/product\/4727"}],"collection":[{"href":"https:\/\/www.dekorativnifotografie.cz\/dekorativnifoto\/wp-json\/wp\/v2\/product"}],"about":[{"href":"https:\/\/www.dekorativnifotografie.cz\/dekorativnifoto\/wp-json\/wp\/v2\/types\/product"}],"wp:featuredmedia":[{"embeddable":true,"href":"https:\/\/www.dekorativnifotografie.cz\/dekorativnifoto\/wp-json\/wp\/v2\/media\/5589"}],"wp:attachment":[{"href":"https:\/\/www.dekorativnifotografie.cz\/dekorativnifoto\/wp-json\/wp\/v2\/media?parent=4727"}],"wp:term":[{"taxonomy":"product_cat","embeddable":true,"href":"https:\/\/www.dekorativnifotografie.cz\/dekorativnifoto\/wp-json\/wp\/v2\/product_cat?post=4727"},{"taxonomy":"product_tag","embeddable":true,"href":"https:\/\/www.dekorativnifotografie.cz\/dekorativnifoto\/wp-json\/wp\/v2\/product_tag?post=4727"}],"curies":[{"name":"wp","href":"https:\/\/api.w.org\/{rel}","templated":true}]}}

<p style="text-align: center;">Každá fotografie je opatřena certifikačním štítkem s názvem, sériovým číslem a originálním podpisem autora. Fotografie jsou tištěny v maximální limitované řadě 200 ks. Každou z nabízených fotografií je možné objednat také v jiných rozměrech,<br />
v barevné, či černobílé variantě.</p>
<p>&nbsp;</p>

<p>Rio de Janeiro je jedním z nejzajímavěji situovaných měst. Pláže, zátoky a skalní masivy utváří jedinečnou scenerii, kterou jsem nikde jinde než v Riu neviděl. A když začne zapadat slunce a město se rozsvítí mnohabarevnými světly, přemění se v Rio de Janeiro v zářivý zlatý šperk posázený vzácnými kameny. Věřím, že tento dekorativní foto obraz dodá třeba obývacímu pokoji nebo zasedací místnosti elegantní a vznešenou atmosféru.</p>
