{"id":4165,"date":"2020-07-07T15:09:15","date_gmt":"2020-07-07T13:09:15","guid":{"rendered":"https:\/\/www.dekorativnifotografie.cz\/dekorativnifoto\/?post_type=product&#038;p=4165"},"modified":"2021-11-03T10:25:16","modified_gmt":"2021-11-03T09:25:16","slug":"50100990-1","status":"publish","type":"product","link":"https:\/\/www.dekorativnifotografie.cz\/dekorativnifoto\/obchod\/krajiny\/50100990-1\/","title":{"rendered":"Uluru, Australia"},"content":{"rendered":"<p style=\"text-align: center;\">Ka\u017ed\u00e1 fotografie je opat\u0159ena certifika\u010dn\u00edm \u0161t\u00edtkem s n\u00e1zvem, s\u00e9riov\u00fdm \u010d\u00edslem a origin\u00e1ln\u00edm podpisem autora. Fotografie jsou ti\u0161t\u011bny v maxim\u00e1ln\u00ed limitovan\u00e9 \u0159ad\u011b 200 ks. Ka\u017edou z nab\u00edzen\u00fdch fotografi\u00ed je mo\u017en\u00e9 objednat tak\u00e9 v jin\u00fdch rozm\u011brech, v barevn\u00e9, \u010di \u010dernob\u00edl\u00e9 variant\u011b.<\/p>\n","protected":false},"excerpt":{"rendered":"<p>Uluru je jedine\u010dn\u00fdm monolitem, kter\u00fd je z\u00e1rove\u0148 druh\u00fdm nejv\u011bt\u0161\u00edm monolitem sv\u011bta. Vyp\u00edn\u00e1 se do v\u00fd\u0161ky 348 metr\u016f nad okoln\u00ed pou\u0161\u0165. Je tak\u00e9 neofici\u00e1ln\u00edm symbolem p\u00e1t\u00e9ho kontinentu. Kolonist\u00e9 ho v 19. stolet\u00ed pojmenovali Ayersova sk\u00e1la, podle tehdej\u0161\u00edho ministersk\u00e9ho p\u0159edsedy. Ale domorodci kmene Pitjantjantjara mu u\u017e d\u00e1vno p\u0159ed t\u00edm dali sv\u00e9 vlastn\u00ed mystick\u00e9 jm\u00e9no &#8211; Uluru, co\u017e v p\u0159ekladu znamen\u00e1 M\u00edsto d\u00e1vaj\u00edc\u00ed st\u00edn. Uluru m\u011b okouzlilo!<\/p>\n","protected":false},"featured_media":5468,"template":"","meta":[],"product_cat":[49],"product_tag":[108,107,378,377,288,208,202,386,388,246,268,269,287,256,207,383,384,244,185,184,286,204,206,389,385,387,245,302,303,205,304,390,380,382,379,381,336,376],"_links":{"self":[{"href":"https:\/\/www.dekorativnifotografie.cz\/dekorativnifoto\/wp-json\/wp\/v2\/product\/4165"}],"collection":[{"href":"https:\/\/www.dekorativnifotografie.cz\/dekorativnifoto\/wp-json\/wp\/v2\/product"}],"about":[{"href":"https:\/\/www.dekorativnifotografie.cz\/dekorativnifoto\/wp-json\/wp\/v2\/types\/product"}],"wp:featuredmedia":[{"embeddable":true,"href":"https:\/\/www.dekorativnifotografie.cz\/dekorativnifoto\/wp-json\/wp\/v2\/media\/5468"}],"wp:attachment":[{"href":"https:\/\/www.dekorativnifotografie.cz\/dekorativnifoto\/wp-json\/wp\/v2\/media?parent=4165"}],"wp:term":[{"taxonomy":"product_cat","embeddable":true,"href":"https:\/\/www.dekorativnifotografie.cz\/dekorativnifoto\/wp-json\/wp\/v2\/product_cat?post=4165"},{"taxonomy":"product_tag","embeddable":true,"href":"https:\/\/www.dekorativnifotografie.cz\/dekorativnifoto\/wp-json\/wp\/v2\/product_tag?post=4165"}],"curies":[{"name":"wp","href":"https:\/\/api.w.org\/{rel}","templated":true}]}}