{"id":2967,"date":"2020-07-03T13:08:44","date_gmt":"2020-07-03T11:08:44","guid":{"rendered":"https:\/\/www.dekorativnifotografie.cz\/dekorativnifoto\/?post_type=product&#038;p=2967"},"modified":"2020-09-14T08:58:15","modified_gmt":"2020-09-14T06:58:15","slug":"20104379-1","status":"publish","type":"product","link":"https:\/\/www.dekorativnifotografie.cz\/dekorativnifoto\/obchod\/kultura\/20104379-1\/","title":{"rendered":"Tocano Tribe, Amazonia, Brazil"},"content":{"rendered":"<p><a class=\"dt-pswp-item\" href=\"https:\/\/www.dekorativnifotografie.cz\/dekorativnifoto\/wp-content\/uploads\/2020\/09\/20104379.jpg\" data-dt-img-description=\"\" data-large_image_width=\"1920\" data-large_image_height=\"1080\"><img decoding=\"async\" loading=\"lazy\" class=\"aligncenter wp-image-6918 size-full\" src=\"https:\/\/www.dekorativnifotografie.cz\/dekorativnifoto\/wp-content\/uploads\/2020\/09\/20104379.jpg\" alt=\"\" width=\"1920\" height=\"1080\" srcset=\"https:\/\/www.dekorativnifotografie.cz\/dekorativnifoto\/wp-content\/uploads\/2020\/09\/20104379.jpg 1920w, https:\/\/www.dekorativnifotografie.cz\/dekorativnifoto\/wp-content\/uploads\/2020\/09\/20104379-300x169.jpg 300w, https:\/\/www.dekorativnifotografie.cz\/dekorativnifoto\/wp-content\/uploads\/2020\/09\/20104379-1024x576.jpg 1024w, https:\/\/www.dekorativnifotografie.cz\/dekorativnifoto\/wp-content\/uploads\/2020\/09\/20104379-768x432.jpg 768w, https:\/\/www.dekorativnifotografie.cz\/dekorativnifoto\/wp-content\/uploads\/2020\/09\/20104379-1536x864.jpg 1536w, https:\/\/www.dekorativnifotografie.cz\/dekorativnifoto\/wp-content\/uploads\/2020\/09\/20104379-600x338.jpg 600w\" sizes=\"(max-width: 1920px) 100vw, 1920px\" \/><\/a><\/p>\n","protected":false},"excerpt":{"rendered":"<p>Ka\u017ed\u00e1 fotografie je opat\u0159ena certifika\u010dn\u00edm \u0161t\u00edtkem s n\u00e1zvem, s\u00e9riov\u00fdm \u010d\u00edslem<br \/>\na origin\u00e1ln\u00edm podpisem autora. Fotografie jsou ti\u0161t\u011bny v maxim\u00e1ln\u00ed limitovan\u00e9 \u0159ad\u011b<br \/>\n200 ks. Ka\u017edou z nab\u00edzen\u00fdch fotografi\u00ed je mo\u017en\u00e9 objednat tak\u00e9 v jin\u00fdch rozm\u011brech,<br \/>\nv barevn\u00e9, \u010di \u010dernob\u00edl\u00e9 variant\u011b.<\/p>\n","protected":false},"featured_media":5230,"template":"","meta":[],"product_cat":[52],"product_tag":[],"_links":{"self":[{"href":"https:\/\/www.dekorativnifotografie.cz\/dekorativnifoto\/wp-json\/wp\/v2\/product\/2967"}],"collection":[{"href":"https:\/\/www.dekorativnifotografie.cz\/dekorativnifoto\/wp-json\/wp\/v2\/product"}],"about":[{"href":"https:\/\/www.dekorativnifotografie.cz\/dekorativnifoto\/wp-json\/wp\/v2\/types\/product"}],"wp:featuredmedia":[{"embeddable":true,"href":"https:\/\/www.dekorativnifotografie.cz\/dekorativnifoto\/wp-json\/wp\/v2\/media\/5230"}],"wp:attachment":[{"href":"https:\/\/www.dekorativnifotografie.cz\/dekorativnifoto\/wp-json\/wp\/v2\/media?parent=2967"}],"wp:term":[{"taxonomy":"product_cat","embeddable":true,"href":"https:\/\/www.dekorativnifotografie.cz\/dekorativnifoto\/wp-json\/wp\/v2\/product_cat?post=2967"},{"taxonomy":"product_tag","embeddable":true,"href":"https:\/\/www.dekorativnifotografie.cz\/dekorativnifoto\/wp-json\/wp\/v2\/product_tag?post=2967"}],"curies":[{"name":"wp","href":"https:\/\/api.w.org\/{rel}","templated":true}]}}

<p>Každá fotografie je opatřena certifikačním štítkem s názvem, sériovým číslem<br />
a originálním podpisem autora. Fotografie jsou tištěny v maximální limitované řadě<br />
200 ks. Každou z nabízených fotografií je možné objednat také v jiných rozměrech,<br />
v barevné, či černobílé variantě.</p>
